highest common divisor of 21808 and 33840?
752
Calculate the highest common divisor of 462 and 118811.
77
Calculate the greatest common factor of 1566 and 62118.
522
Calculate the greatest common divisor of 4505 and 7155.
265
Calculate the greatest common factor of 144 and 189522.
18
Calculate the highest common factor of 450 and 186.
6
Calculate the highest common factor of 58 and 685241.
29
What is the greatest common factor of 3 and 17041?
1
Calculate the greatest common factor of 24 and 52764.
12
What is the highest common divisor of 124 and 436?
4
What is the greatest common divisor of 146260 and 30?
10
What is the highest common divisor of 491098 and 159?
53
Calculate the greatest common factor of 156 and 143400.
12
What is the greatest common factor of 8524 and 4?
4
What is the highest common divisor of 24798 and 6?
6
Calculate the greatest common divisor of 354744 and 156.
156
Calculate the highest common divisor of 20885 and 3.
1
What is the highest common factor of 111342 and 46995?
723
Calculate the greatest common factor of 1656 and 550344.
552
Calculate the highest common divisor of 4617 and 1919.
19
What is the highest common divisor of 2097 and 1156845?
699
What is the highest common divisor of 492 and 93644?
164
What is the greatest common factor of 536 and 1104?
8
What is the greatest common divisor of 18882 and 108?
18
What is the greatest common divisor of 34111 and 3544?
443
Calculate the highest common divisor of 1024 and 123136.
256
What is the greatest common divisor of 198 and 20778?
6
Calculate the greatest common factor of 86722 and 5296.
662
What is the highest common divisor of 134251 and 449?
449
Calculate the highest common divisor of 765342 and 54.
54
Calculate the highest common divisor of 32 and 9839008.
32
Calculate the highest common factor of 39872 and 8099.
623
Calculate the highest common divisor of 1639407 and 924.
231
Calculate the highest common divisor of 284970 and 20.
10
Calculate the highest common divisor of 6 and 3233310.
6
Calculate the greatest common factor of 103241 and 646.
17
Calculate the highest common factor of 169322 and 62.
62
Calculate the greatest common factor of 259 and 481.
37
Calculate the highest common factor of 876 and 1374663.
219
What is the greatest common divisor of 115345 and 85?
85
Calculate the greatest common factor of 712230 and 42.
6
What is the greatest common factor of 159498 and 6?
6
What is the highest common divisor of 264 and 322432?
88
What is the highest common divisor of 306810 and 24?
6
Calculate the highest common factor of 300 and 1391550.
150
Calculate the greatest common divisor of 7987 and 7399.
49
What is the greatest common divisor of 3439 and 3819?
19
Calculate the highest common divisor of 214355 and 645.
215
Calculate the highest common divisor of 958801 and 23.
23
What is the greatest common factor of 10 and 48845?
5
What is the greatest common divisor of 75152 and 35?
7
Calculate the greatest common factor of 1084 and 5901838.
542
Calculate the greatest common factor of 263805 and 172.
43
What is the greatest common factor of 57 and 1038369?
57
Calculate the greatest common factor of 2619 and 14931.
27
Calculate the highest common factor of 170 and 301614.
34
Calculate the highest common factor of 1439834 and 220.
22
What is the greatest common divisor of 4656 and 279942?
582
Calculate the greatest common divisor of 8203025 and 25.
25
What is the greatest common factor of 186 and 93279?
93
Calculate the highest common factor of 561858 and 132.
66
What is the greatest common factor of 206 and 1400491?
103
Calculate the greatest common factor of 2358 and 11267703.
1179
What is the highest common factor of 23428 and 428?
4
What is the highest common factor of 1158592 and 1720?
344
What is the highest common divisor of 918483 and 633?
633
Calculate the greatest common factor of 117085 and 5.
5
Calculate the highest common divisor of 31373 and 16717.
229
Calculate the greatest common factor of 61030 and 85.
85
What is the highest common divisor of 154 and 43813?
77
Calculate the highest common divisor of 790615 and 343.
343
What is the greatest common divisor of 3113 and 29432?
283
What is the greatest common divisor of 802 and 60551?
401
Calculate the greatest common factor of 644 and 273784.
28
Calculate the highest common factor of 139215 and 375.
15
Calculate the greatest common factor of 130880 and 64.
64
What is the greatest common factor of 520407 and 477?
477
What is the highest common factor of 175 and 271775?
175
Calculate the greatest common divisor of 24 and 140592.
24
What is the greatest common divisor of 158958 and 1098?
18
What is the highest common factor of 100503 and 9?
9
Calculate the greatest common factor of 848 and 9964.
212
What is the highest common factor of 251 and 2297152?
251
What is the greatest common divisor of 52368 and 16?
16
What is the greatest common factor of 10785 and 6?
3
Calculate the greatest common divisor of 64404 and 108.
36
Calculate the greatest common factor of 546 and 3757299.
273
What is the greatest common factor of 23 and 63871?
23
Calculate the highest common factor of 20148 and 552.
276
What is the greatest common divisor of 15 and 1886655?
15
What is the greatest common factor of 6042 and 42522?
114
Calculate the greatest common divisor of 242 and 1500158.
242
What is the greatest common factor of 76 and 4385884?
76
What is the greatest common divisor of 100468 and 12?
4
Calculate the highest common divisor of 272 and 157712.
16
Calculate the greatest common factor of 387 and 1307673.
387
What is the highest common divisor of 9616 and 64?
16
Calculate the greatest common divisor of 13328 and 1624.
56
What is the greatest common factor of 7099 and 17175?
229
Calculate the highest common factor of 3885 and 32970.
105
What is the greatest common divisor of 131500 and 15500?
500
Calculate the highest common divisor of 734 and 554.
2
What is the highest common factor of 6372 and 3?
3
Calculate the highest common factor of 1508 and 899.
29
Calculate the greatest common factor of 3300 and 46530.
330
Calculate the greatest common divisor of 98919 and 522.
261
Calculate the greatest common divisor of 19 and 31103.
19
Calculate the highest common factor of 14928 and 43851.
933
Calculate the highest common divisor of 210 and 182715.
15
What is the highest common divisor of 6394 and 48372?
278
What is the greatest common factor of 61668 and 8748?
108
Calculate the greatest common divisor of 1258 and 6512.
74
Calculate the greatest common factor of 322 and 277403.
161
Calculate the greatest common factor of 11837 and 49.
7
What is the greatest common factor of 17314 and 3938?
22
What is the greatest common divisor of 73980 and 4320?
540
What is the greatest common factor of 276 and 5520?
276
Calculate the greatest common factor of 51216 and 4488.
264
Calculate the greatest common divisor of 48505 and 12015.
445
What is the highest common factor of 270 and 3340?
10
What is the greatest common factor of 5656 and 10100?
404
What is the greatest common factor of 66768 and 6864?
624
What is the greatest common divisor of 428624 and 2752?
688
What is the greatest common factor of 1810095 and 210?
105
Calculate the highest common factor of 200 and 116072.
8
What is the highest common factor of 40590 and 374?
22
What is the highest common divisor of 19050 and 270?
30
What is the highest common factor of 156182 and 78?
26
What is the highest common divisor of 3121570 and 541?
541
Calculate the greatest common factor of 30316 and 156.
52
What is the highest common factor of 1119 and 15594?
3
Calculate the greatest common divisor of 3314490 and 194.
194
What is the greatest common divisor of 483199 and 137?
137
What is the greatest common divisor of 2150047 and 1263?
421
What is the highest common divisor of 1728195 and 8175?
1635
What is the greatest common factor of 2253152 and 176?
176
Calculate the greatest common divisor of 1365980 and 616.
308
Calculate the highest common divisor of 5876 and 2509.
13
What is the highest common factor of 252 and 5976?
36
Calculate the highest common factor of 21164 and 111.
37
Calculate the greatest common divisor of 162 and 81360.
18
Calculate the greatest common factor of 577